- -10?
200210112010100
In base 2, what is 1010110111101100001110 + 100?
1010110111101100010010
In base 3, what is -1200100100 + -2010110?
-1202110210
In base 9, what is 6 - 825558?
-825552
In base 6, what is 115134 - -13222?
132400
In base 14, what is -197c29 - 8?
-197c33
In base 15, what is 1 - 68d4ae?
-68d4ad
In base 16, what is -1 + -366ca5b?
-366ca5c
In base 8, what is -150557 + 43?
-150514
In base 14, what is 72 + 25303?
25375
In base 15, what is 10c984 - 3b?
10c948
In base 7, what is 402061422 + -2?
402061420
In base 7, what is 16 - -1516500324?
1516500343
In base 10, what is 251441 - -992?
252433
In base 16, what is 10aa0f92 - -3?
10aa0f95
In base 16, what is -2dde - 3c?
-2e1a
In base 12, what is 482099 - -1a?
4820b7
In base 5, what is 214301 + -40?
214211
In base 10, what is 124940 - 819?
124121
In base 2, what is 11101001110101011000110 + 1000?
11101001110101011001110
In base 7, what is -64 - 3121131?
-3121225
In base 7, what is -231100 - -12104?
-215663
In base 9, what is 4 - -138430311?
138430315
In base 9, what is -46 + 15020811?
15020754
In base 7, what is 12525420 + -1613?
12523504
In base 15, what is -246e - -97?
-23c7
In base 16, what is -240cd2 - -d?
-240cc5
In base 9, what is -4258 + 2051?
-2207
In base 14, what is -3 + 1bbd92?
1bbd8d
In base 5, what is 21 + -1130003200?
-1130003124
In base 11, what is -829 - 134a?
-2078
In base 14, what is -33c - -97006?
96aa8
In base 12, what is 2a + -3897a?
-38950
In base 2, what is 101110000011000000110100 + 1?
101110000011000000110101
In base 9, what is 4841401 + 0?
4841401
In base 16, what is -122a + 311?
-f19
In base 11, what is -761a + 364?
-7266
In base 4, what is -10 - 3130000101112?
-3130000101122
In base 9, what is -131824810 + -2?
-131824812
In base 2, what is 100000110 - 110011001111010?
-110010101110100
In base 4, what is -2033033130222 - -100?
-2033033130122
In base 5, what is 1434 - 1440433403?
-1440431414
In base 9, what is -1224325857 + -3?
-1224325861
In base 16, what is 4e99a3 - -7?
4e99aa
In base 12, what is -16a + 264547?
264399
In base 5, what is -2130234 + 0?
-2130234
In base 14, what is -2a + -2cb181?
-2cb1ab
In base 15, what is -4 - -45ee2dc?
45ee2d8
In base 5, what is -1324404 - 141430?
-2021334
In base 4, what is -22 + 20331331031?
20331331003
In base 12, what is -13075 - 628a?
-19343
In base 15, what is -6de001 + 1?
-6de000
In base 5, what is -342111220 + 131?
-342111034
In base 6, what is 5513320 + 4350?
5522110
In base 2, what is -100 + -110111000111000111100000?
-110111000111000111100100
In base 12, what is 3 - 863a2603?
-863a2600
In base 14, what is 595 - b4c?
-597
In base 9, what is 31286 + 2643?
34040
In base 6, what is 4 + 244114115?
244114123
In base 8, what is -176 + -112221?
-112417
In base 2, what is 1101100110100001 + -100100000101?
1101000010011100
In base 15, what is 4 - 7079b9?
-7079b5
In base 6, what is -5 - 2432131305?
-2432131314
In base 2, what is 110110 - -1000011101011101110?
1000011101100100100
In base 3, what is 0 - -100010001101121?
100010001101121
In base 6, what is 1341155 + 400?
1341555
In base 12, what is -408323 - -15?
-40830a
In base 7, what is -325062 - 303?
-325365
In base 11, what is 4 - aa8770a?
-aa87706
In base 5, what is 43212240 - 3?
43212232
In base 7, what is -102043223 - 4?
-102043230
In base 6, what is -21 + 133522134?
133522113
In base 6, what is 3133 + -520002?
-512425
In base 11, what is -32668034 - 2?
-32668036
In base 12, what is 37 - -65823?
6585a
In base 5, what is -142343122 + -14212?
-142412334
In base 14, what is 3 + 3b13268?
3b1326b
In base 13, what is 47670cb2 + -4?
47670cab
In base 9, what is 1162 - -10703?
11865
In base 16, what is -375569 - 3?
-37556c
In base 6, what is 12 + -132025101?
-132025045
In base 2, what is -1010111101000010010 + -1001110?
-1010111101001100000
In base 9, what is 4 + -15087124?
-15087120
In base 6, what is 5 + 35120011?
35120020
In base 2, what is -1010000011100111 + -1011101?
-1010000101000100
In base 8, what is 5 - -6020045?
6020052
In base 11, what is 45417a + -21?
454159
In base 3, what is 12011122200102020 + 11?
12011122200102101
In base 10, what is 458598140 + 0?
458598140
In base 13, what is -1c33b - -835?
-1b806
In base 6, what is 14 + 355400004?
355400022
In base 15, what is 68 + edb8a?
edc03
In base 4, what is -323032233 + -21?
-323032320
In base 10, what is -1542 + -1121?
-2663
In base 7, what is -634106 - 12?
-634121
In base 2, what is -11100011111010110010000 - -100011?
-11100011111010101101101
In base 9, what is -2 - -334310766?
334310764
In base 12, what is a47 - 597b?
-4b34
In base 13, what is 874 - 146a3?
-13b2c
In base 4, what is -300 + -30201312?
-30202212
In base 14, what is -1593845 - -2?
-1593843
In base 4, what is 321110332 + 12?
321111010
In base 2, what is -101111 + -1100111101111011110?
-1100111110000001101
In base 8, what is 1437 - 333151?
-331512
In base 15, what is -3 + -1ca4ac?
-1ca4b0
In base 2, what is 10100111111001 - -1001?
10101000000010
In base 12, what is -15b052 + 81?
-15ab91
In base 15, what is 1516286 - -16?
151629c
In base 14, what is -5 + -1ab9629?
-1ab9630
In base 10, what is -7110 + -1339?
-8449
In base 8, what is -15 + 45356523?
45356506
In base 8, what is -7005736 - -36?
-7005700
In base 6, what is 11052 - 3454525?
-3443433
In base 5, what is 401024 - 104?
400420
In base 15, what is a + 540731?
54073b
In base 16, what is -15e7c82 - 3?
-15e7c85
In base 9, what is 148 - -785204?
785353
In base 5, what is 40133012334 + 1?
40133012340
In base 16, what is 3 - -1b6f6b5?
1b6f6b8
In base 14, what is -5308 - -618?
-4ad0
In base 5, what is 12321 - -141434311?
142002132
In base 3, what is -1 + -20020201020212020?
-20020201020212021
In base 15, what is -7464c - -7e?
-745bd
In base 5, what is -4 + 4444134230?
4444134221
In base 7, what is -1060 + -42652?
-44042
In base 15, what is 13e4c - -192b?
15878
In base 15, what is -2d181 - -316?
-2cd6a
In base 4, what is -211110110220 + 131?
-211110110023
In base 10, what is 851 - 8055?
-7204
In base 16, what is -5 - -11c599c?
11c5997
In base 2, what is 10100 + 1101010000001001010100?
1101010000001001101000
In base 8, what is -543 - 53452?
-54215
In base 4, what is 112101003 - 12133?
112022210
In base 14, what is 1 - 17497?
-17496
In base 9, what is 74616 - 564?
74042
In base 11, what is -134565 + -103?
-134668
In base 12, what is -6 + 24a3b0b0?
24a3b0a6
In base 7, what is -45012 - 566?
-45611
In base 5, what is 4 + 32204314?
32204323
In base 14, what is -3d8c34 + 15?
-3d8c1d
In base 15, what is -7ae + 275d9?
26d2a
In base 8, what is -1 + -6770265?
-6770266
In base 16, what is -b3b6 + -7a?
-b430
In base 8, what is -5 + -1363345727?
-1363345734
In base 14, what is 8 - -862b4b?
862b55
In base 10, what is -4469806 - 4?
-4469810
In base 7, what is 114 - -3521530?
3521644
In base 7, what is -60 - 205613435?
-205613525
In base 12, what is 3ba3 + 1694?
5677
In base 4, what is 1 + 2033013120130?
2033013120131
In base 3, what is -22011210111 - -221122?
-22010211212
In base 3, what is 20100011 + -220011021?
-122211010
In base 6, what is -20200 - -3220?
-12540
In base 10, what is -71809 + -66?
-71875
In base 7, what is -16023 - -66403?
50350
In base 2, what is -1011 - 1000101011010100001?
-1000101011010101100
In base 9, what is 42558 + -2171?
40377
In base 4, what is -1123033 + 132021?
-331012
In base 5, what is -2302 + 321134?
313332
In base 15, what is -dd + -107c7?
-108b5
In base 9, what is 51258 - -4218?
55477
In base 12, what is -2045 + 3455?
1410
In base 5, what is 3203000 - -211?
3203211
In base 2, what is -100010110 + -1101011111110101101111?
-1101011111111010000101
In base 7, what is -14 + 12236623?
12236606
In base 10, what is -97569 + 1005?
-96564
In base 4, what is -11 - -2210011131?
2210011120
In base 7, what is 122013461 + -2?
122013456
In base 11, what is -213227 - 7?
-213233
In base 13, what is 4 + 20b9809?
20b9810
In base 6, what is -501 + -55132105?
-55133010
In base 7, what is -3140162 + 146?
-3140013
In base 12, what is 2 - 22a1851?
-22a184b
In base 13, what is 2a17365 - -c?
2a17374
In base 14, what is 0 - -4030b?
4030b
In base 6, what is 12144 + -1150455?
-1134311
In base 12, what is -3760 - 8a?
-382a
In base 16, what is -1e - -903cc?
903ae
In base 7, what is 414 + -53142?
-52425
In base 16, what